m = 171 + -103. Calculate the remainder when 40 is divided by (-22)/(-55) + m/5.
12
Suppose 39*k + 12429 = 194*k + 5144. Let u(r) = r + 7. Calculate the remainder when k is divided by u(0).
5
Let p be 2 + (103 + 0 - 3). What is the remainder when 1/(4/(-10))*-26 is divided by (p/15)/((-6)/(-15))?
14
Suppose -6*a + a + 4*t + 127 = 0, 0 = -5*a - 4*t + 103. Let z = 5 + 2. Suppose -4*v - z = -183. What is the remainder when v is divided by a?
21
Calculate the remainder when 81 + -1 + (-8)/4 is divided by 9.
6
Suppose 2*m = 4*m + 12. What is the remainder when (3/m)/((-1)/66) is divided by 9?
6
Suppose 11*q + 5298 = 19675. Calculate the remainder when q is divided by 17.
15
Suppose 46 = -h + 48. Calculate the remainder when ((-4)/(-16))/(h - 1134/568) is divided by 15.
11
Suppose -2*r - 127 = -693. Calculate the remainder when r is divided by 68.
11
Let z = 38 + -27. Suppose -t = 4*v + 26 - 41, 5*v + 4*t - 16 = 0. Calculate the remainder when z is divided by v.
3
Suppose 3*g - 27 = 3*a, 0 = 4*g - g + 5*a - 19. Let w = 13 - g. What is the remainder when w/((-10)/8) - -94 is divided by 23?
21
Let p = 136 + -80. Let h = 14 + p. Suppose 4*j - h = 2*j. Calculate the remainder when j is divided by 19.
16
Suppose -3*s + 36 + 0 = 0. Let h(q) = -221*q + 5139. What is the remainder when h(23) is divided by s?
8
Let o(r) = -r**3 - r**2 + 4*r + 1. Suppose 0*a - 4*a + 5*k = 17, -2 = -2*k. Calculate the remainder when o(a) is divided by 4.
3
Suppose -4*h - 3*a = a - 1036, 2*h + 5*a = 521. Calculate the remainder when h is divided by 37.
36
Let h(l) = 4*l**2 - 4*l - 23. Calculate the remainder when h(8) is divided by 17.
14
Let k(i) = -i**3 - 19*i**2 + 8*i - 95. Calculate the remainder when k(-20) is divided by 19.
12
Let o(r) = 3 + 129*r**2 + 4*r**3 + 0 + r - 132*r**2. What is the remainder when o(3) is divided by 22?
21
Suppose -3*l - 4*g = -604, 4*l - 822 = -24*g + 22*g. Calculate the remainder when l is divided by 18.
10
Suppose k - 51 = 3*u + 14, 225 = 4*k - 5*u. Let t = -35 + k. What is the remainder when 74 is divided by t?
14
Suppose 21 = g + 2*g. Let n = 254 + -250. Calculate the remainder when g is divided by n.
3
Let z = 2361 - 1147. Calculate the remainder when z is divided by 29.
25
Suppose 2*y - 75 = -5*o, 2*y + 48*o - 33 = 49*o. Let i(b) = -b**2 + 7*b + 6. Calculate the remainder when y is divided by i(6).
8
Let g = -301 - -322. Calculate the remainder when 267 is divided by g.
15
Let d = 11547 + -11526. Calculate the remainder when ((-46)/(-3))/(6/9) is divided by d.
2
Suppose -3*b - 184 = -7*b. Let s = 137 - b. Calculate the remainder when s is divided by 24.
19
Let t(x) = 44*x**3 - x**2 + 2*x - 1. Let h be t(1). Suppose -5*f = -b - 2, -2*f = -b + 6*b - h. Calculate the remainder when 150 is divided by b.
6
Let a = -48 - -54. Let h(d) = 2*d**2 - 2*d - 3. Suppose 0*q + 6 = -3*t + 2*q, 3*q + 4 = -2*t. What is the remainder when h(t) is divided by a?
3
Suppose -23 - 9 = -2*y. Let t be 4/(2 + 16/(-6)). What is the remainder when (-2)/t - 804/(-18) is divided by y?
13
Let d(z) = 8*z**2 - 9*z**2 - 2*z + 0*z**2 - 11*z - 14. What is the remainder when 46 is divided by d(-11)?
6
Suppose 14*a = 39*a - 1225. Calculate the remainder when 139 is divided by a.
41
Let p(h) = h**3 - 8*h**2 + 7*h - 6. Let w be p(7). What is the remainder when 20 is divided by 4/(8/w + 2)?
2
Let y = 663 - 656. Calculate the remainder when 62 is divided by y.
6
Let i = 30 - 20. Suppose 4*z - 4*g = 32, -3*g - 52 + 20 = -5*z. What is the remainder when i is divided by z?
2
Suppose w + 4*w - 20 = 0. Suppose -w*h = -4*u - 168, h + 7 = 4*u + 43. Let g(y) = -22*y**2 + 91*y + 3. Calculate the remainder when h is divided by g(4).
14
Let o(k) = k**3 + 8*k**2 + 11*k + 35. Let f be o(-7). Let i(x) = x**2 - x - 15. Calculate the remainder when 106 is divided by i(f).
25
Let t = 5 + -3. Suppose -2*k + 5*f = -13 - 27, -f = t. Calculate the remainder when k is divided by -2 - 1 - (-21)/3.
3
Suppose 2*o = -5*z + 967, 3*z + 575 = 6*z - 4*o. Calculate the remainder when z is divided by 25.
18
Let w = 16 - 9. Let j(f) = f**2 - 5*f + 1. Calculate the remainder when 29 is divided by j(w).
14
Let j = -27 - -50. Let g = 3 + -1. Suppose 2*q = -3*i + 18, -5*q + g*i + 18 + 8 = 0. What is the remainder when j is divided by q?
5
Let c(d) = -2*d**3 + 36*d**2 + 3*d - 12. Calculate the remainder when c(18) is divided by 19.
4
Let x = 3 + -4. Let h = x + 52. Suppose -2*i + h = 5*c, i = -2*i - 6. What is the remainder when 52 is divided by c?
8
Let b(m) = -8*m - 84. Calculate the remainder when 117 is divided by b(-18).
57
Suppose 37 = 4*w - 79. Suppose -1 = 4*u - w. Let q = 11 + u. What is the remainder when 35 is divided by q?
17
Let i = 51 + -25. Suppose -4*m = -2*c + 10, -5*c + 2*m = -2*c - 23. Calculate the remainder when i is divided by c.
8
Let s be (9 + -7)/(1/(-17)*-2). Let w be (-1002)/(-5) + (-2)/5. Suppose s = 7*y - w. Calculate the remainder when y is divided by 16.
15
Let w = 10 + -4. Let u(a) = 11*a**2 - 22*a + 2. What is the remainder when u(3) is divided by w?
5
Suppose -3*k - 5*f + 87 = 0, 3*k - 75 = -9*f + 6*f. Suppose l + 13 = -5*p + 68, 0 = -2*l - 4*p + 110. What is the remainder when l is divided by k?
17
Suppose -3*p - 8*p = -451. Calculate the remainder when p is divided by 16.
9
Suppose f = 4*j + 67, -12 = 4*j - 28. What is the remainder when f is divided by (1/2)/(-10*(-3)/1020)?
15
Suppose x = a - 4*a + 43, 5*a + 143 = 3*x. Suppose 6 = 4*h + x. Let n = 28 + h. What is the remainder when 35 is divided by n?
17
Suppose -4*v - 2*l = -23 - 109, 2*v - l - 62 = 0. What is the remainder when 106 is divided by v?
10
Suppose -5*x + 10 = -0*x. Suppose x*r = -3*l - 19, -2*l + 3*r - 21 = 6*r. What is the remainder when 25 is divided by 49/(-21)*l*1?
4
Suppose -9 = -2*l - 3*c + 13, -5*l + c = -72. Calculate the remainder when 198 is divided by l.
2
Suppose 4*t - 2*p = 6*t - 14, -p - 18 = -4*t. Suppose 3*x = -2*j + 64, 0 - 5 = t*j. What is the remainder when 109 is divided by x?
21
Suppose s + 45 = 2*y, 3*y - 55 = -3*s - 10. What is the remainder when 70 is divided by y?
10
Suppose 0 = 2*p - 5*b - 1 + 22, 5*b - 19 = 3*p. Suppose 0 = p*g - 1 - 9. Let v = 4 + g. What is the remainder when 24 is divided by v?
6
Let p be -1 - (-15)/12 - 231/(-4). Calculate the remainder when p - (48/(-26) - 8/52) is divided by 27.
6
Suppose 3*y + 50 = 2*k, 0 = k - 4*y + y - 31. What is the remainder when 339 is divided by k?
16
Let b be (-10)/20*(-42 - -2). What is the remainder when 66 is divided by -2 - 1/((-1)/b)?
12
Suppose -1285*y + 1281*y + 92 = 0. What is the remainder when 67 is divided by y?
21
Let r(k) = k**3 - 6*k**2 + 2*k. Let f be r(6). Suppose 0 = -3*x - f, 2*o - 5*x - 20 = -10*x. What is the remainder when (-6 + 5)/(3/(-9)) + 54 is divided by o?
17
Let l be (1 - 0)*(-2 - (-1 + 2)). What is the remainder when 1 is divided by 6/24 - l/4?
0
Let u = -12 - -17. Suppose -4 = -i, -i - 1 + u = 5*m. Suppose m = 5*y - 16 - 9. Calculate the remainder when 29 is divided by y.
4
Let v = 111 - 235. Suppose s - 176 = m, 3*s - 4*s + 3 = 0. Let y = v - m. What is the remainder when y is divided by 17?
15
Calculate the remainder when 366/10 - (-3)/(-90)*18 is divided by 34.
2
Let z(y) = -y**3 - 8*y**2 + 2*y - 36. Let s = -5 + 19. Calculate the remainder when z(-9) is divided by s.
13
Let w(a) = -a**3 + 6*a**2 + 8. Let x be w(6). Suppose -215 = 3*y - x*y. Let j = 3 + y. What is the remainder when j is divided by 12?
10
Suppose -x = -b - 178, -1 = 21*b - 20*b. Calculate the remainder when x is divided by 46.
39
Suppose -4*g + 10*g + 1500 = 0. Let p = -174 - g. Calculate the remainder when p is divided by 39.
37
Let q(a) = a**3 - 11*a**2 + 3*a + 3. Calculate the remainder when q(12) is divided by 46.
45
Suppose 66 = 2*m + 74. Let l(w) = 4*w + 1. Let j be l(1). Let i = j - m. What is the remainder when 34 is divided by i?
7
Let m(x) = x**2 + 9*x + 9. Suppose 36 = -4*u + 4*h, 36 = 3*u - 7*u + 2*h. Calculate the remainder when 24 is divided by m(u).
6
Let s = -31 + -10. Let q = 3 - s. Calculate the remainder when q is divided by 15.
14
Let h(a) = a**2 - 27*a + 2. What is the remainder when 106 is divided by h(28)?
16
Let o be 1/(2 + -1) + 2. Suppose 2*f = -5*x - 74, x - o*f + 50 = -3*x. Let d(b) = b**2 + 13*b + 1. Calculate t